 + -bcd?
-188cc
In base 2, what is 110110001101010000000000000 - 11?
110110001101001111111111101
In base 16, what is 19 + 259609?
259622
In base 10, what is 3 - -10667439?
10667442
In base 4, what is -2 + -11211220130230?
-11211220130232
In base 12, what is -4 - -42a8348?
42a8344
In base 10, what is -1 - 14904844?
-14904845
In base 7, what is 262124 - -4560?
300014
In base 16, what is -d0ef6b - -19?
-d0ef52
In base 12, what is -3 + -6b43587?
-6b4358a
In base 3, what is 20 + 10200211222222000?
10200211222222020
In base 14, what is -1361 + -1996?
-2d17
In base 7, what is -5 - 2021063405?
-2021063413
In base 6, what is 30545220143 - 2?
30545220141
In base 2, what is -1010011101100 - 1001011110000100?
-1010110001110000
In base 2, what is -100011100 - 10010010000100010001?
-10010010001000101101
In base 4, what is 0 - 1021331002023?
-1021331002023
In base 15, what is 6151878 - -3?
615187b
In base 8, what is -161174 + -1414?
-162610
In base 13, what is 16629 - 700?
15c29
In base 7, what is -1 - 301162011?
-301162012
In base 4, what is -10031 - 11021332?
-11032023
In base 2, what is -11010111110101011011011 + -10100?
-11010111110101011101111
In base 9, what is -24106 + 500?
-23506
In base 15, what is -49 + 282c91?
282c47
In base 8, what is 10 + -22043053?
-22043043
In base 10, what is 9599 - 5832?
3767
In base 9, what is 0 - -15735244?
15735244
In base 4, what is -30032 + 2022323?
1332231
In base 7, what is -103202330 + 30?
-103202300
In base 11, what is 1331 - -566?
1897
In base 14, what is -7 + -2d58c87?
-2d58c90
In base 10, what is -168 + 500806?
500638
In base 15, what is -113cce3b - 0?
-113cce3b
In base 11, what is 355 + -48073?
-47819
In base 9, what is 4300387 - -36?
4300434
In base 4, what is -3 + 3021130210033?
3021130210030
In base 14, what is 5973 + 38b7?
944a
In base 11, what is 160a - 1729?
-11a
In base 7, what is 52056 + -401?
51355
In base 16, what is -3a02dc - 7?
-3a02e3
In base 10, what is 4348 + 24476?
28824
In base 7, what is 6040 + 31456?
40526
In base 5, what is 14 - 3421303311?
-3421303242
In base 7, what is -1250354 + 5?
-1250346
In base 11, what is -1811044a + -4?
-18110453
In base 9, what is 133 - 1388658?
-1388525
In base 11, what is -19871 + 18a?
-19692
In base 2, what is -110 - -100110010000111010010010000?
100110010000111010010001010
In base 10, what is -10883232 - -1?
-10883231
In base 16, what is 8afdd890 - 3?
8afdd88d
In base 16, what is -152b5b - 0?
-152b5b
In base 11, what is 1348 - 253803?
-252466
In base 14, what is 56 - 3b937?
-3b8c1
In base 7, what is 4555226 + 326?
4555555
In base 15, what is 3 + 43e123a?
43e123d
In base 2, what is -11000 + -11001000110010010110?
-11001000110010101110
In base 3, what is -1200 + -102012002120122?
-102012002122022
In base 12, what is -1063 + -10113b?
-1021a2
In base 8, what is -5527 - 26657?
-34406
In base 8, what is 12677145 + 2?
12677147
In base 4, what is -1022 - 2103231223?
-2103232311
In base 15, what is -6 - 8a22c1?
-8a22c7
In base 2, what is 110000011101001011 - -110010?
110000011101111101
In base 2, what is 10001111100110 + -11110100?
10001011110010
In base 15, what is 13 - 61aca?
-61ab7
In base 9, what is 5655 + -24546?
-17781
In base 7, what is 1041 + 6304213?
6305254
In base 7, what is 23 + 5566615?
5566641
In base 7, what is -13141664 + -3?
-13142000
In base 3, what is -112011000111021 - 1110?
-112011000112201
In base 4, what is 10001232 - 101202?
3300030
In base 3, what is -201 + -21221011010022?
-21221011011000
In base 9, what is 3 - 427441748?
-427441745
In base 8, what is -1163520 + 20?
-1163500
In base 14, what is 18aa9b - 37?
18aa64
In base 12, what is 1320 - 1598b5?
-158595
In base 7, what is -63600 - -14302?
-46265
In base 11, what is 7 - -7503793?
750379a
In base 3, what is 102210100022 - 2211?
102210020111
In base 6, what is -105 - 233425443?
-233425552
In base 13, what is -104c36215 + 1?
-104c36214
In base 4, what is 1100000 + 1233?
1101233
In base 2, what is -101 + 11101101000100101000011?
11101101000100100111110
In base 14, what is -13 - -222249?
222236
In base 10, what is -4 - 25205979?
-25205983
In base 13, what is 4 + -8aa0060?
-8aa0059
In base 9, what is 6615867 - 10?
6615857
In base 14, what is 19a124 - a?
19a118
In base 14, what is -4d0 + 6a718?
6a228
In base 6, what is 41024341 - 22?
41024315
In base 4, what is 22 - 101333020133?
-101333020111
In base 16, what is 1c5 + -1524?
-135f
In base 4, what is -1123120 - -10013?
-1113101
In base 5, what is -313142140 - -41?
-313142044
In base 16, what is 1f3 - -1a3?
396
In base 3, what is 200111101011 + 112222?
200111221010
In base 8, what is 2 - 501427321?
-501427317
In base 13, what is -300260 + -4?
-300264
In base 10, what is -3 + -24575680?
-24575683
In base 12, what is -70ab - -6b40?
-16b
In base 9, what is 2720 - -16104?
18824
In base 6, what is -10521540154 - -3?
-10521540151
In base 16, what is 1 - -e910ffb?
e910ffc
In base 10, what is 7 + -50801?
-50794
In base 2, what is -11010000010111010001101000100 - 1?
-11010000010111010001101000101
In base 2, what is 111111111100011 - 100010000?
111111011010011
In base 13, what is 3b43a - -11?
3b44b
In base 16, what is -23a - 4149?
-4383
In base 11, what is -19547 + 4893?
-14764
In base 3, what is 11 + 10112210202111?
10112210202122
In base 4, what is 3 - 23322120132?
-23322120123
In base 16, what is -2433b - 4?
-2433f
In base 11, what is -131 - 3163a2?
-316523
In base 2, what is 1010100010011010000010101 + 101?
1010100010011010000011010
In base 12, what is 1046ba0 - -1?
1046ba1
In base 8, what is -227361421 - 4?
-227361425
In base 11, what is 6524a953 + 3?
6524a956
In base 14, what is -3 + -2401d5a?
-2401d5d
In base 11, what is -68 + -18439?
-184a6
In base 8, what is 272 + -10372?
-10100
In base 8, what is 1151216 + -12?
1151204
In base 15, what is 3 + 248a0b?
248a0e
In base 2, what is -111011000110000011010001 - -101?
-111011000110000011001100
In base 11, what is -3 - -1623a7a?
1623a77
In base 11, what is 2431 - -561?
2992
In base 5, what is 31134 - -412031?
443220
In base 7, what is 1266430 - 162?
1266235
In base 11, what is 4 + -63095a2?
-6309599
In base 6, what is -11 + 3120040240?
3120040225
In base 11, what is -217658 - -204?
-217454
In base 15, what is -2e292 - 11cc?
-3046e
In base 8, what is 1027 - -23316?
24345
In base 5, what is 1313034 - -230230?
2043314
In base 3, what is 11120 - 101221212200?
-101221201010
In base 11, what is 2277 + -402?
1975
In base 12, what is 8354 + 21600?
29954
In base 9, what is 265 + -1372242?
-1371866
In base 6, what is -5443451441 + 2?
-5443451435
In base 10, what is 15 + -6232030?
-6232015
In base 9, what is -35 - -1631571?
1631535
In base 14, what is -4c + 9acc?
9a80
In base 8, what is -105057673 - 11?
-105057704
In base 7, what is 1241 + 16405?
20646
In base 12, what is -34 - -32328a?
323256
In base 8, what is 3 - 1227267?
-1227264
In base 3, what is 11 - -11201110122202?
11201110122220
In base 2, what is 110000011000011111 + 1000100?
110000011001100011
In base 6, what is 3 + -114542524?
-114542521
In base 9, what is -10 - 3238675?
-3238685
In base 9, what is 115240 + 87?
115337
In base 4, what is 11202330032112 - -11?
11202330032123
In base 11, what is -4306495 + -3?
-4306498
In base 7, what is 61451036 + 3?
61451042
In base 6, what is -245 + 1052425?
1052140
In base 14, what is -5 - -852d3?
852cc
In base 11, what is -115930809 + -2?
-115930810
In base 16, what is -1194 - -42a?
-d6a
In base 6, what is 1344410414 + -5?
1344410405
In base 10, what is 7710 - 1963?
5747
In base 6, what is 12152044140 - -4?
12152044144
In base 14, what is -28 + 412b29?
412b01
In base 7, what is -330546 + 22?
-330524
In base 8, what is -1374637 + 1?
-1374636
In base 4, what is 1331 + 201333203?
202001200
In base 14, what is 2aacb2 + -4?
2aacac
In base 8, what is -16770336 + 34?
-16770302
In base 4, what is -1101000230 + 0?
-1101000230
In base 2, what is -1011100000001111100000000111 + 10?
-1011100000001111100000000101
In base 6, what is -250155 - -224?
-245531
In base 6, what is -11 - -4452231121?
4452231110
In base 16, what is -2be - 21b2?
-2470
In base 16, what is -1b71 + 85ea?
6a79
In base 15, what is 553b2 - 56?
5535b
In base 12, what is 0 + 707a5a6?
707a5a6
In base 10, what is 53530 + 80?
53610
In base 7, what is 552 + 225256?
2261